e prime factors of 2330158?
2, 1165079
What are the prime factors of 482887?
31, 37, 421
List the prime factors of 9172078.
2, 17, 23, 37, 317
List the prime factors of 804072.
2, 3, 33503
List the prime factors of 532057.
19, 41, 683
What are the prime factors of 5368159?
647, 8297
What are the prime factors of 15659739?
3, 29, 59999
List the prime factors of 397044.
2, 3, 41, 269
What are the prime factors of 42363?
3, 523
What are the prime factors of 233476?
2, 58369
List the prime factors of 513242.
2, 29, 8849
What are the prime factors of 2266617?
3, 755539
List the prime factors of 503837.
269, 1873
What are the prime factors of 8411071?
8411071
What are the prime factors of 6597703?
7, 29, 4643
List the prime factors of 318554.
2, 19, 83, 101
List the prime factors of 972041.
7, 138863
What are the prime factors of 12386688?
2, 3, 32257
List the prime factors of 757991.
13, 199, 293
What are the prime factors of 292733?
7, 19, 31, 71
What are the prime factors of 535138?
2, 267569
List the prime factors of 121971.
3, 109, 373
What are the prime factors of 9009188?
2, 43, 52379
List the prime factors of 30524142.
2, 3, 11, 109, 4243
What are the prime factors of 413848?
2, 17, 179
List the prime factors of 424414.
2, 212207
List the prime factors of 6756154.
2, 1777, 1901
List the prime factors of 305324.
2, 37, 2063
What are the prime factors of 417860?
2, 5, 17, 1229
What are the prime factors of 3322354?
2, 7, 307, 773
What are the prime factors of 2036780?
2, 5, 101839
List the prime factors of 5150939.
5150939
List the prime factors of 76320.
2, 3, 5, 53
List the prime factors of 34508102.
2, 43, 149, 2693
What are the prime factors of 5637380?
2, 5, 7, 67, 601
What are the prime factors of 4081395?
3, 5, 272093
List the prime factors of 1220978.
2, 11, 19, 23, 127
List the prime factors of 12811487.
13, 985499
What are the prime factors of 6103192?
2, 762899
List the prime factors of 26181177.
3, 11, 127, 6247
List the prime factors of 326905.
5, 65381
List the prime factors of 789267.
3, 263089
List the prime factors of 376610.
2, 5, 13, 2897
What are the prime factors of 25058199?
3, 31, 73, 3691
What are the prime factors of 289444?
2, 269
What are the prime factors of 1342273?
47, 28559
List the prime factors of 38269.
7, 11, 71
What are the prime factors of 6498633?
3, 43, 50377
List the prime factors of 6302403.
3, 307, 2281
What are the prime factors of 404035?
5, 19, 4253
What are the prime factors of 18235867?
13, 29, 48371
List the prime factors of 2074948.
2, 518737
List the prime factors of 1275464.
2, 31, 37, 139
List the prime factors of 4967532.
2, 3, 43, 3209
List the prime factors of 700165.
5, 233, 601
List the prime factors of 895056.
2, 3, 29, 643
List the prime factors of 110545.
5, 22109
What are the prime factors of 6792298?
2, 3396149
List the prime factors of 42709641.
3, 13, 1095119
What are the prime factors of 655196?
2, 19, 37, 233
List the prime factors of 1921785.
3, 5, 128119
What are the prime factors of 223638?
2, 3, 37273
List the prime factors of 189750.
2, 3, 5, 11, 23
What are the prime factors of 1879957?
97, 19381
What are the prime factors of 12235286?
2, 7, 263, 3323
List the prime factors of 77267.
77267
List the prime factors of 7544667.
3, 13, 23, 647
What are the prime factors of 34330?
2, 5, 3433
What are the prime factors of 7924653?
3, 11, 19, 383
List the prime factors of 2099551.
17, 123503
List the prime factors of 131685.
3, 5, 8779
List the prime factors of 49077.
3, 7, 19, 41
What are the prime factors of 907687?
11, 19, 43, 101
What are the prime factors of 7788359?
601, 12959
List the prime factors of 1764665.
5, 7, 127, 397
List the prime factors of 1311817.
13, 19, 47, 113
What are the prime factors of 1114269?
3, 13, 28571
List the prime factors of 103510.
2, 5, 11, 941
List the prime factors of 6255493.
41, 271, 563
What are the prime factors of 1014121?
1014121
List the prime factors of 2220190.
2, 5, 7, 23, 197
List the prime factors of 753630.
2, 3, 5, 25121
List the prime factors of 8133699.
3, 7, 157, 2467
List the prime factors of 976237.
47, 20771
List the prime factors of 4626126.
2, 3, 85669
List the prime factors of 713352.
2, 3, 29723
List the prime factors of 5685437.
397, 14321
List the prime factors of 2688579.
3, 99577
List the prime factors of 3802123.
13, 292471
List the prime factors of 8195.
5, 11, 149
List the prime factors of 6582673.
41, 160553
List the prime factors of 2879337.
3, 959779
What are the prime factors of 235934?
2, 23, 223
What are the prime factors of 150265?
5, 41, 733
What are the prime factors of 3192383?
41, 77863
What are the prime factors of 8151007?
17, 97, 4943
What are the prime factors of 255363?
3, 85121
What are the prime factors of 6802457?
23, 295759
What are the prime factors of 1660090?
2, 5, 41, 4049
List the prime factors of 2865443.
7, 409349
List the prime factors of 19721104.
2, 13, 59, 1607
What are the prime factors of 692769?
3, 7, 11, 2999
List the prime factors of 427348.
2, 19, 5623
List the prime factors of 17255288.
2, 1297, 1663
What are the prime factors of 4224368?
2, 83, 3181
What are the prime factors of 3614341?
619, 5839
List the prime factors of 104310.
2, 3, 5, 19, 61
List the prime factors of 4462673.
4462673
What are the prime factors of 1504946?
2, 41, 18353
List the prime factors of 69392.
2, 4337
List the prime factors of 14342276.
2, 13, 275813
List the prime factors of 788901.
3, 97, 2711
What are the prime factors of 869397?
3, 17, 17047
What are the prime factors of 497622?
2, 3, 197, 421
List the prime factors of 442953.
3, 7, 79, 89
List the prime factors of 20431805.
5, 29, 140909
List the prime factors of 637229.
637229
What are the prime factors of 3076160?
2, 5, 9613
List the prime factors of 755666.
2, 47, 8039
List the prime factors of 164716.
2, 41179
What are the prime factors of 23257637?
13, 127, 14087
What are the prime factors of 558185?
5, 111637
What are the prime factors of 197839?
37, 5347
What are the prime factors of 5253169?
5253169
List the prime factors of 188487.
3, 13, 179
What are the prime factors of 63420?
2, 3, 5, 7, 151
List the prime factors of 24010107.
3, 11, 241, 3019
List the prime factors of 9952772.
2, 2488193
List the prime factors of 2477838.
2, 3, 11, 3413
List the prime factors of 706439.
19, 37181
List the prime factors of 207977.
7, 11, 37, 73
What are the prime factors of 1342567?
1342567
List the prime factors of 2689218.
2, 3, 7, 3049
List the prime factors of 90904.
2, 11, 1033
List the prime factors of 21432623.
4481, 4783
What are the prime factors of 250173?
3, 7, 11, 19
What are the prime factors of 242462?
2, 11, 103, 107
What are the prime factors of 1119883?
71, 15773
List the prime factors of 285184.
2, 557
What are the prime factors of 865769?
865769
What are the prime factors of 594182?
2, 23, 12917
What are the prime factors of 225214?
2, 11, 29, 353
List the prime factors of 1715673.
3, 197, 2903
What are the prime factors of 1282454?
2, 641227
List the prime factors of 15404318.
2, 101, 76259
What are the prime factors of 4128364?
2, 373, 2767
What are the prime factors of 391993?
7, 29, 1931
List the prime factors of 21163277.
1471, 14387
What are the prime factors of 910497?
3, 7, 191, 227
What are the prime factors of 728886?
2, 3, 29, 59, 71
List the prime factors of 78574.
2, 17, 2311
List the prime factors of 705903.
3, 11, 21391
What are the prime factors of 17211016?
2, 2151377
List the prime factors of 186557.
7, 29, 919
What are the prime factors of 343022?
2, 23, 7457
List the prime factors of 732574.
2, 366287
List the prime factors of 198281.
198281
List the prime factors of 567296.
2, 277
List the prime factors of 77304.
2, 3, 3221
What are the prime factors of 9881908?
2, 739, 3343
List the prime factors of 34100866.
2, 17050433
What are the prime factors of 40808?
2, 5101
What are the prime factors of 4892007?
3, 1630669
List the prime factors of 382367.
137, 2791
What are the prime factors of 2381552?
2, 73, 2039
List the prime factors of 259542.
2, 3, 14419
What are the prime factors of 189637?
7, 27091
What are the prime factors of 341448?
2, 3, 41, 347
What are the prime factors of 6039345?
3, 5, 13, 309